 - 3*g**2 + 2*g + 1193. Let a be (7/(-21))/(1/(-18)). Determine u(a).
2
Let z = 279 - 189. Suppose 92*g - z*g - 21 = -3*v, 0 = -5*v + 15. Let f(n) = n**3 - 6*n**2 + 2. Calculate f(g).
2
Let d(q) be the first derivative of q**2/2 + 4*q + 1. Suppose t + 5*p = -24, t = -p - 44 + 36. Give d(t).
0
Let t be 12/(-3)*-1*2. Let q be 640/384 - 2/(-6). Let r(z) = -4*z + t*z - 3 - 6*z**q + 5*z**2. What is r(5)?
-8
Let m(w) be the first derivative of w**4/2 - 2*w**3/3 - w**2/2 + 44*w - 5750. What is m(0)?
44
Let z(p) = p - 2. Let w(g) = -4*g + 9. Let x(m) = w(m) + 5*z(m). Let y(l) = -5*l + 10. Let a(t) = 2*x(t) + y(t). Determine a(6).
-10
Let x(w) = -3*w**3 + w - 1. Suppose 2*t - 12 = -3*j, 0 = 2*t - 3*j + 2*j - 12. Let n(d) = -d**3 + 8*d**2 - 11*d - 5. Let b be n(t). Calculate x(b).
-3
Let y(k) = 3*k**2 - 56*k + 21. Let t(i) = -109*i**2 + 337*i - 12. Let g be t(3). Calculate y(g).
-15
Let r(y) = -1280*y**3 - 9*y - 1278*y**3 - 13 - 3*y**2 - 1280*y**3 + 3839*y**3 + 3*y. Determine r(5).
7
Let z = -2606 - -2605. Let u(p) be the second derivative of p**3 - 4*p**2 - 5*p. Let t(l) = 7*l - 7. Let n(v) = 7*t(v) - 6*u(v). Determine n(z).
-14
Let w(d) = -3*d**2 + 34*d + 302. Let r be w(-6). Let p(g) = -2*g + 5. Determine p(r).
25
Let a(v) be the first derivative of -v**4/2 + 4*v**3/3 - v**2 - v - 968. Calculate a(3).
-25
Let p(s) = s**2 + 3*s - 4. Let a be p(2). Suppose a*m + 9*m = -1530. Let x = -100 - m. Let d(l) = l**3 + l + 1. Give d(x).
11
Suppose 7*i - 4 = 6*i. Suppose -4*w + 4*f + 12 = -0*f, -3*w + i*f + 10 = 0. Let h(r) be the third derivative of -r**4/24 - r**3/6 - 2*r**2. Determine h(w).
-3
Let a be -48*(-5)/(-30)*(-9)/6. Let i(j) = -j**2 + 10*j + 26. Calculate i(a).
2
Let q(k) = -k**2 - 23*k - 60. Let i(l) = l**2 + 21*l + 60. Let a(b) = 5*i(b) + 6*q(b). Give a(-31).
2
Let z(d) = -3*d + 3*d + 3*d - 7*d + 3*d - 1. Let x(k) = k**2 - 6*k + 7. Let p be x(6). Determine z(p).
-8
Let p(v) be the first derivative of -v**4/4 + 5*v**3/3 - 7*v**2/2 + 6*v + 861. Determine p(4).
-6
Let j(i) = -i**2 - i + 24. Let f(k) = -k + 2. Let v be f(-4). What is j(v)?
-18
Let h(v) be the third derivative of 3*v**5/5 + v**4/6 - v**3/2 - 7540*v**2. Calculate h(1).
37
Let x be 0*-8*2/(-32). Suppose l - 86 - 137 = -5*r, -5*r + 5*l + 205 = 0. Let q(p) = x*p - 35*p**3 + r*p**3 - p. Calculate q(1).
8
Suppose -4*x + 1020 = 3*t, -15*x + 2*t + 782 = -12*x. Suppose x*h = 264*h - 30. Let p(u) = 5*u + 6. What is p(h)?
31
Let c(h) = -13*h + 15. Let r(l) = 24*l - 25. Let z(a) = 5*c(a) + 3*r(a). Suppose 0 = o + 10 - 5. What is z(o)?
-35
Let y(p) = -3*p + 3. Let h(f) = f**2 + 7*f + 13. Let t(x) = -4*x**2 - 9*x - 4. Let b be t(-5). Let a = 54 + b. Let q be h(a). Determine y(q).
-6
Let r(s) = 7*s + 148. Let k be 13 + -13 + -12 + -9. Give r(k).
1
Let m = 171 + -168. Let p be (m - 27)/(-3)*7/(-14). Let v(b) = -3*b - 4. What is v(p)?
8
Let x(c) = 3*c + 9. Suppose 0 = 152*w - 150*w. Suppose w = -19*r + 14*r, -3*f - 3*r - 18 = 0. What is x(f)?
-9
Let r(v) = -4*v - 8. Let f = 2113 + -2108. What is r(f)?
-28
Let u(r) = r**3 + 3*r**2 - 6*r - 4. Let q be -20*(1 + 33/(-2)). Suppose 4*f = -q + 294. What is u(f)?
4
Suppose 0 = -x - 3*f + 13, 11*x + 3*f = 16*x + 25. Let a be (-1092)/(-126)*(x/(-4) + 1). Let z(m) = -m**2 + 14*m - 3. Give z(a).
10
Let c(p) = -p**3 + 5*p**2 - 4*p. Let j be c(3). Suppose -3*i = 3*a - 0*i - j, 35 = -5*a + 4*i. Let y(t) = t**3 + 3*t**2 - 3*t - 4. Calculate y(a).
5
Let q(u) = 3*u. Suppose 5*d - 4020 = 20*d. Let h = d + 275. Calculate q(h).
21
Let l(g) be the first derivative of g**4/6 - 3*g**3/2 + g**2 + 38*g + 95. Let r(w) be the first derivative of l(w). Give r(6).
20
Let j be 5 - (-7 + 43 + -27). Let d(g) = g - 1. Let c(o) = 1. Let s(p) = -2*c(p) + d(p). What is s(j)?
-7
Let o(b) = 2*b**2 + b. Let x(n) = 19*n - 29*n + 5*n**2 + 6*n**2 + 16*n. Let y(r) = -4*o(r) + x(r). Calculate y(-2).
8
Let g = 54 + -58. Let d(q) = 3*q. Let t(u) = -6*u - 37. Let f be t(-5). Let m(b) = -6*b + 2. Let x(p) = f*d(p) - 3*m(p). Calculate x(g).
6
Let l(h) = -5*h**3. Let i(b) = -14*b**3 - b**2 - b - 1. Let k(j) = -4*i(j) + 11*l(j). Suppose -4*s + 4*g = 0, 3*s + 5*g + 78 = 54. Determine k(s).
1
Let r(h) = 3*h**3 - 6*h**2 + 11*h - 9. Let q(j) = -j**3 - j**2 - j + 1. Let t(a) = 2*q(a) + r(a). Let p(u) = u**2 - 386*u - 7688. Let c be p(-19). What is t(c)?
7
Let c(f) be the first derivative of f**3/3 - 5*f**2/2 - 33*f + 2423. Determine c(12).
51
Let y = 5124 - 5146. Let f(a) = -a**3 - 22*a**2 - a - 24. Calculate f(y).
-2
Let a(g) = 2*g**3 + g**2 + 2*g + 1. Suppose 2*z + 3*z + 5*o - 170 = 0, z = 2*o + 22. Suppose -h - 4*r + 9 - z = 0, 2*r = -10. Calculate a(h).
-2
Suppose 4*u + 0*u = 12*u. Let k(v) be the second derivative of 2*v**2 - 17*v - 1/12*v**4 + u + 1/2*v**3. Give k(4).
0
Let h(x) = -2*x**3 + 3*x**2 - 78. Let p(k) = k**3 - k**2 + k + 25. Let n(o) = h(o) + 3*p(o). Calculate n(-2).
-17
Let t be (1 - 2)*-1 + -23 + 27. Let a(p) = 52*p - 246. Let h be a(t). Let q(o) = 2*o - 23. Calculate q(h).
5
Let k(r) = r**3 + 5*r**2 + 4*r - 1. Suppose 1456 = -28*h + 2*h. Let y be (21/(2058/h))/((-2)/(-14)). Determine k(y).
-1
Let k(j) = -j**3 + j**2 + j - 21. Let p = -110 - -115. Suppose 3*b + 2*s = p*b, s = -5*b. Calculate k(b).
-21
Suppose 5*p - 5*y = 20, -14*p = -9*p + 5*y + 30. Let w be 0/48*p/(6/(-2)). Let l(z) = z**2 + z + 3. What is l(w)?
3
Let h(u) = 3*u + 1. Let i(l) = -8*l + 17*l - 10*l. Let w(j) = -4*h(j) - 10*i(j). Calculate w(3).
-10
Let r(s) = s**2 + 26*s + 153. Let u be r(-9). Suppose -3*z = u, 0*y + 5*z = 3*y - 12. Let n(o) = -o**2 - o + 9. What is n(y)?
-11
Suppose 4*m - 453 = -177. Let x = m - 62. Let t(d) = -d**2 + 6*d + 4. What is t(x)?
-3
Let n(o) = o**2 + 8*o - 1. Let s be 112/(-16)*2/8*(1 - -3). What is n(s)?
-8
Let j(t) be the first derivative of 5/2*t**2 + 1/4*t**4 + 10*t - 8/3*t**3 + 37. Determine j(7).
-4
Let b(g) = -2*g + 2. Let w(x) = -x**2 + 17*x - 75. Let f be w(7). Let r be (f/(-6))/(15/90). What is b(r)?
-8
Suppose -59*b + 120 = -63*b. Suppose 4 + 70 = -2*l + 4*h, 5*l + 185 = -2*h. Let o = b - l. Let f(w) = w - 5. What is f(o)?
2
Let y = 2410 + -2420. Let p(m) = 19 + 13*m + m**3 - 5 + 0*m**2 + 11*m**2. Give p(y).
-16
Let y(q) = -2*q**2 + 2*q - 3. Let a(u) = 4*u**2 - 4*u + 6. Let g(p) = 3*a(p) + 5*y(p). Let x = -14708 - -14711. What is g(x)?
15
Suppose 603 = 10*c - 437. Suppose 108*x - c*x - 8 = 0. Let g(w) = -8 - 5 + 13 + 28*w**x + w. Determine g(-1).
27
Let o(i) = i**3 + i**2 + i + 3. Let w be o(0). Let z(v) be the third derivative of v**4/3 - 2*v**3/3 + 2*v**2 + 8. Give z(w).
20
Suppose -16*b + 21*b - 390 = 0. Let a(z) = -b*z**2 + 41*z + 39*z**2 + 15 + 36*z**2. Let p(y) = -y**2 + 14*y + 5. Let q(f) = -3*a(f) + 8*p(f). Give q(11).
-5
Let f = -141 - -158. Let d be (f/51)/(40/(-12) - -3). Let i(q) = 6*q**3 - q**2 - q. What is i(d)?
-6
Let v(r) = -20*r**3 - 71*r**2 - 47*r + 71. Let s(i) = -9*i**3 - 34*i**2 - 23*i + 35. Let d(j) = -9*s(j) + 4*v(j). Give d(-21).
11
Let b(a) = 5*a - 5. Let y(w) = -2*w + 6. Let c(q) = b(q) + 2*y(q). Give c(-7).
0
Let u(m) = -5*m - 2. Suppose -42 = -8*v + 6. Let l(k) = 4*k + 2. Let b(d) = v*l(d) + 5*u(d). What is b(-10)?
12
Suppose 3*p = 3*c - 0*p, 5*p + 18 = -c. Let o(i) = -129*i + 94. Let s(k) = 79*k - 57. Let d(w) = 3*o(w) + 5*s(w). Determine d(c).
-27
Let a(t) = t. Let f(v) = v**2 - 13*v + 34. Let j be f(10). Suppose 4*d + 4*y = -12, 5*d + j*y = 6*y + 20. Determine a(d).
2
Let w(x) be the first derivative of -19/2*x**2 + 1/60*x**5 + 0*x + 12 - x**3 + 7/24*x**4. Let n(z) be the second derivative of w(z). Calculate n(-8).
2
Let k(q) = -56 - 105 - 112 - 16 + 16*q. Determine k(18).
-1
Let j(h) = -h**3 + h**2 + 3*h + 1. Let k(m) = 5 + 1 - 4 + 0*m - 3*m**3 - m**2 + 7*m + 3. Let x(t) = -2*j(t) + k(t). Determine x(-3).
0
Let r(m) = 5*m**2 + 4*m + 3. Let v be 50/325 - (1 + 854/(-26)). Suppose v*q = 31*q - 2. What is r(q)?
15
Let j(w) be the first derivative of -7*w**2 - 553*w - 4461. Determine j(-40).
7
Let g(v) = 13*v**2 + 4*v + 10. Let k(s) = -24*s**2 - 9*s - 18. Let m(f) = -11*g(f) - 6*k(f). What is m(-5)?
-27
Let p(g) = -52*g**2 + 15*g + 5. Let i(t) = -9*t**2 - 2*t + 1. Let c(y) = 6*i(y) - p(y). Determine c(-13).
14
Let k(j) = -7*j**2 - 19*j - 29. Let a(l) = 19*l**2 + 54*l + 84. Let o(x) = -3*a(x) - 8*k(x). What is o(-13)?
-59
Let r be (-29)/(-5) - ((-2171)/(-